{"id":10,"date":"2013-07-04T17:12:55","date_gmt":"2013-07-04T17:12:55","guid":{"rendered":"http:\/\/derechopenal.umh.es\/raphael-rene-simons-vallejo\/"},"modified":"2013-07-04T20:35:02","modified_gmt":"2013-07-04T20:35:02","slug":"raphael-rene-simons-vallejo","status":"publish","type":"page","link":"https:\/\/derechopenal.umh.es\/ca\/directorio\/raphael-rene-simons-vallejo\/","title":{"rendered":"<span lang=\"es\">(Espa\u00f1ol) Rapha\u00ebl Ren\u00e9 Simons Vallejo<\/span>"},"content":{"rendered":"<p><\/p>\n<\/p>\n<p><\/p>","protected":false},"excerpt":{"rendered":"","protected":false},"author":2793,"featured_media":0,"parent":8,"menu_order":0,"comment_status":"closed","ping_status":"open","template":"","meta":{"_links_to":"","_links_to_target":""},"_links":{"self":[{"href":"https:\/\/derechopenal.umh.es\/ca\/wp-json\/wp\/v2\/pages\/10"}],"collection":[{"href":"https:\/\/derechopenal.umh.es\/ca\/wp-json\/wp\/v2\/pages"}],"about":[{"href":"https:\/\/derechopenal.umh.es\/ca\/wp-json\/wp\/v2\/types\/page"}],"author":[{"embeddable":true,"href":"https:\/\/derechopenal.umh.es\/ca\/wp-json\/wp\/v2\/users\/2793"}],"replies":[{"embeddable":true,"href":"https:\/\/derechopenal.umh.es\/ca\/wp-json\/wp\/v2\/comments?post=10"}],"version-history":[{"count":0,"href":"https:\/\/derechopenal.umh.es\/ca\/wp-json\/wp\/v2\/pages\/10\/revisions"}],"up":[{"embeddable":true,"href":"https:\/\/derechopenal.umh.es\/ca\/wp-json\/wp\/v2\/pages\/8"}],"wp:attachment":[{"href":"https:\/\/derechopenal.umh.es\/ca\/wp-json\/wp\/v2\/media?parent=10"}],"curies":[{"name":"wp","href":"https:\/\/api.w.org\/{rel}","templated":true}]}}

<span lang="es">(Español) Raphaël René Simons Vallejo</span>
